{"id":1929,"date":"2020-05-31T21:09:08","date_gmt":"2020-05-31T21:09:08","guid":{"rendered":"http:\/\/wl1www392.webland.ch\/wordpress\/wiwanni\/offre-prix\/"},"modified":"2025-07-19T16:53:20","modified_gmt":"2025-07-19T14:53:20","slug":"offre-prix","status":"publish","type":"page","link":"https:\/\/www.wiwanni.ch\/fr\/offre-prix\/","title":{"rendered":"Off\u00adre,&nbsp;prix"},"content":{"rendered":"\t\t<div data-elementor-type=\"wp-page\" data-elementor-id=\"1929\" class=\"elementor elementor-1929 elementor-171\" data-elementor-post-type=\"page\">\n\t\t\t\t\t\t<section class=\"elementor-section elementor-top-section elementor-element elementor-element-12faddad elementor-section-stretched elementor-section-full_width elementor-section-content-top elementor-section-height-default elementor-section-height-default\" data-id=\"12faddad\" data-element_type=\"section\" data-settings=\"{&quot;stretch_section&quot;:&quot;section-stretched&quot;,&quot;shape_divider_bottom&quot;:&quot;pyramids&quot;,&quot;shape_divider_bottom_negative&quot;:&quot;yes&quot;}\">\n\t\t\t\t\t<div class=\"elementor-shape elementor-shape-bottom\" aria-hidden=\"true\" data-negative=\"true\">\n\t\t\t<svg viewBox=\"0 0 1000 100\" preserveAspectRatio=\"none\">\n\t<path class=\"elementor-shape-fill\" d=\"M761.9,40.6L643.1,24L333.9,93.8L0.1,1H0v99h1000V1\" \/>\n<\/svg>\t\t<\/div>\n\t\t\t\t\t<div class=\"elementor-container elementor-column-gap-default\">\n\t\t\t\t\t<div class=\"elementor-column elementor-col-100 elementor-top-column elementor-element elementor-element-3afc8b98\" data-id=\"3afc8b98\" data-element_type=\"column\">\n\t\t\t<div class=\"elementor-widget-wrap elementor-element-populated\">\n\t\t\t\t\t\t<div class=\"elementor-element elementor-element-78bc110d elementor-widget elementor-widget-image\" data-id=\"78bc110d\" data-element_type=\"widget\" data-widget_type=\"image.default\">\n\t\t\t\t<div class=\"elementor-widget-container\">\n\t\t\t\t\t\t\t\t\t\t\t\t\t\t\t<img fetchpriority=\"high\" decoding=\"async\" width=\"1920\" height=\"700\" src=\"https:\/\/www.wiwanni.ch\/wp-content\/uploads\/2020\/05\/wiwannihuette-mit-geissen-1920x700px.jpg\" class=\"attachment-full size-full wp-image-1931\" alt=\"La cabane Wiwanni et Wiwannihorn\" srcset=\"https:\/\/www.wiwanni.ch\/wp-content\/uploads\/2020\/05\/wiwannihuette-mit-geissen-1920x700px.jpg 1920w, https:\/\/www.wiwanni.ch\/wp-content\/uploads\/2020\/05\/wiwannihuette-mit-geissen-1920x700px-300x109.jpg 300w, https:\/\/www.wiwanni.ch\/wp-content\/uploads\/2020\/05\/wiwannihuette-mit-geissen-1920x700px-800x292.jpg 800w, https:\/\/www.wiwanni.ch\/wp-content\/uploads\/2020\/05\/wiwannihuette-mit-geissen-1920x700px-1024x373.jpg 1024w, https:\/\/www.wiwanni.ch\/wp-content\/uploads\/2020\/05\/wiwannihuette-mit-geissen-1920x700px-768x280.jpg 768w, https:\/\/www.wiwanni.ch\/wp-content\/uploads\/2020\/05\/wiwannihuette-mit-geissen-1920x700px-1536x560.jpg 1536w\" sizes=\"(max-width: 1920px) 100vw, 1920px\">\t\t\t\t\t\t\t\t\t\t\t\t\t\t\t<\/div>\n\t\t\t\t<\/div>\n\t\t\t\t\t<\/div>\n\t\t<\/div>\n\t\t\t\t\t<\/div>\n\t\t<\/section>\n\t\t\t\t<section class=\"elementor-section elementor-top-section elementor-element elementor-element-87dc8e6 elementor-section-boxed elementor-section-height-default elementor-section-height-default\" data-id=\"87dc8e6\" data-element_type=\"section\">\n\t\t\t\t\t\t<div class=\"elementor-container elementor-column-gap-no\">\n\t\t\t\t\t<div class=\"elementor-column elementor-col-100 elementor-top-column elementor-element elementor-element-de8f581\" data-id=\"de8f581\" data-element_type=\"column\">\n\t\t\t<div class=\"elementor-widget-wrap elementor-element-populated\">\n\t\t\t\t\t\t<div class=\"elementor-element elementor-element-5c8b617 elementor-widget elementor-widget-heading\" data-id=\"5c8b617\" data-element_type=\"widget\" data-widget_type=\"heading.default\">\n\t\t\t\t<div class=\"elementor-widget-container\">\n\t\t\t\t\t<h1 class=\"elementor-heading-title elementor-size-default\">Caba\u00adne de Wiwan\u00adni : off\u00adre,&nbsp;prix<\/h1>\t\t\t\t<\/div>\n\t\t\t\t<\/div>\n\t\t\t\t\t<\/div>\n\t\t<\/div>\n\t\t\t\t\t<\/div>\n\t\t<\/section>\n\t\t\t\t<section class=\"elementor-section elementor-top-section elementor-element elementor-element-60e6648 elementor-section-boxed elementor-section-height-default elementor-section-height-default\" data-id=\"60e6648\" data-element_type=\"section\">\n\t\t\t\t\t\t<div class=\"elementor-container elementor-column-gap-no\">\n\t\t\t\t\t<div class=\"elementor-column elementor-col-50 elementor-top-column elementor-element elementor-element-778100f\" data-id=\"778100f\" data-element_type=\"column\">\n\t\t\t<div class=\"elementor-widget-wrap elementor-element-populated\">\n\t\t\t\t\t\t<div class=\"elementor-element elementor-element-dcee91f elementor-widget elementor-widget-text-editor\" data-id=\"dcee91f\" data-element_type=\"widget\" data-widget_type=\"text-editor.default\">\n\t\t\t\t<div class=\"elementor-widget-container\">\n\t\t\t\t\t\t\t\t\t<p>La caba\u00adne de Wiwan\u00adni peut accu\u00adeil\u00adlir 44 per\u00adson\u00adnes et con\u00adsti\u00adtue un point de d\u00e9part id\u00e9\u00adal pour les ran\u00addon\u00adn\u00e9es, les excur\u00adsi\u00adons en mon\u00adtagne et l\u2019es\u00adcala\u00adde. Nous pro\u00adpo\u00adsons \u00e9ga\u00adle\u00adment des exp\u00e9\u00adri\u00aden\u00adces sp\u00e9\u00adcia\u00adles tel\u00adles que des cours d\u2019es\u00adcala\u00adde ou de l\u2019al\u00adpi\u00adnis\u00adme avec le yoga.<br>La caba\u00adne est \u00e9ga\u00adle\u00adment id\u00e9a\u00adle pour les \u00e9co\u00adles et les camps d\u2019escalade.<\/p>\n<p><strong>Main\u00adten\u00adan\u00adce<\/strong><br>Nor\u00adma\u00adle\u00adment, la hut\u00adte Wiwan\u00adni est gar\u00add\u00e9e de d\u00e9but juin \u00e0 mi-octobre. Vous pou\u00advez trou\u00adver les dates exac\u00adtes de la main\u00adten\u00adan\u00adce dans la cat\u00e9\u00adgo\u00adrie Nouvelles.<\/p>\n<p><strong>Restau\u00adra\u00adti\u00adon<\/strong><br>Nous off\u00adrons la pen\u00adsi\u00adon com\u00adpl\u00e8\u00adte et la demi-pension.<\/p>\n<p><strong>H\u00e9ber\u00adge\u00adment<\/strong><br>Cam\u00adpe\u00adment avec cou\u00adet\u00adtes, un sac de couchage de hut\u00adte (soie et\/ou coton) est souhait\u00e9.<\/p>\n<ul>\n<li>une chambre \u00e0 couch\u00ader pour 20 personnes<\/li>\n<li>Chambre \u00e0 couch\u00ader pour 10 personnes<\/li>\n<li>Chambre \u00e0 couch\u00ader pour 12 personnes<\/li>\n<\/ul>\n<p><strong>Des instal\u00adla\u00adti\u00adons de lava\u00adge<\/strong><br>Une fon\u00adtaine devant la cabane.<\/p>\n<p><strong>Instal\u00adla\u00adti\u00adons sani\u00adtaires<\/strong><br>WC \u00e0 c\u00f4t\u00e9 de la cabane<\/p>\n<p><strong>\u00c9ner\u00adgie<\/strong><br>Nous cui\u00adsinons au gaz. Pour la lumi\u00e8\u00adre et le t\u00e9l\u00e9\u00adpho\u00adne, nous avons un sys\u00adt\u00e8me d\u2019\u00e9\u00adner\u00adgie solai\u00adre. Les jours de fro\u00adid, la caba\u00adne est chauf\u00adf\u00e9e au moy\u00aden d\u2019un po\u00ea\u00adle \u00e0&nbsp;bois.<\/p>\n<p><strong>Prix des nui\u00adt\u00e9es<\/strong><br>Nui\u00adt\u00e9e en demi-pen\u00adsi\u00adon CHF 72,<br>R\u00e9duc\u00adtion des prix pour les enfants et les jeunes.<\/p>\n\t\t\t\t\t\t\t\t<\/div>\n\t\t\t\t<\/div>\n\t\t\t\t\t<\/div>\n\t\t<\/div>\n\t\t\t\t<div class=\"elementor-column elementor-col-50 elementor-top-column elementor-element elementor-element-086f9f3\" data-id=\"086f9f3\" data-element_type=\"column\">\n\t\t\t<div class=\"elementor-widget-wrap elementor-element-populated\">\n\t\t\t\t\t\t<div class=\"elementor-element elementor-element-204f3ea6 elementor-widget elementor-widget-image\" data-id=\"204f3ea6\" data-element_type=\"widget\" data-widget_type=\"image.default\">\n\t\t\t\t<div class=\"elementor-widget-container\">\n\t\t\t\t\t\t\t\t\t\t\t\t\t\t\t<img decoding=\"async\" width=\"1920\" height=\"1280\" src=\"https:\/\/www.wiwanni.ch\/wp-content\/uploads\/2020\/05\/wiwanni-huette-apero.jpg\" class=\"attachment-full size-full wp-image-1430\" alt=\"Ap\u00e9ritif \u00e0 la cabane Wiwanni\" srcset=\"https:\/\/www.wiwanni.ch\/wp-content\/uploads\/2020\/05\/wiwanni-huette-apero.jpg 1920w, https:\/\/www.wiwanni.ch\/wp-content\/uploads\/2020\/05\/wiwanni-huette-apero-300x200.jpg 300w, https:\/\/www.wiwanni.ch\/wp-content\/uploads\/2020\/05\/wiwanni-huette-apero-800x533.jpg 800w, https:\/\/www.wiwanni.ch\/wp-content\/uploads\/2020\/05\/wiwanni-huette-apero-1024x683.jpg 1024w, https:\/\/www.wiwanni.ch\/wp-content\/uploads\/2020\/05\/wiwanni-huette-apero-768x512.jpg 768w, https:\/\/www.wiwanni.ch\/wp-content\/uploads\/2020\/05\/wiwanni-huette-apero-1536x1024.jpg 1536w\" sizes=\"(max-width: 1920px) 100vw, 1920px\">\t\t\t\t\t\t\t\t\t\t\t\t\t\t\t<\/div>\n\t\t\t\t<\/div>\n\t\t\t\t<div class=\"elementor-element elementor-element-25188242 elementor-widget elementor-widget-image\" data-id=\"25188242\" data-element_type=\"widget\" data-widget_type=\"image.default\">\n\t\t\t\t<div class=\"elementor-widget-container\">\n\t\t\t\t\t\t\t\t\t\t\t\t\t\t\t<img decoding=\"async\" width=\"1000\" height=\"563\" src=\"https:\/\/www.wiwanni.ch\/wp-content\/uploads\/2020\/05\/wiwannihuette-trocken-wc.jpg\" class=\"attachment-full size-full wp-image-1418\" alt=\"WC sec de la cabane Wiwanni\" srcset=\"https:\/\/www.wiwanni.ch\/wp-content\/uploads\/2020\/05\/wiwannihuette-trocken-wc.jpg 1000w, https:\/\/www.wiwanni.ch\/wp-content\/uploads\/2020\/05\/wiwannihuette-trocken-wc-300x169.jpg 300w, https:\/\/www.wiwanni.ch\/wp-content\/uploads\/2020\/05\/wiwannihuette-trocken-wc-800x450.jpg 800w, https:\/\/www.wiwanni.ch\/wp-content\/uploads\/2020\/05\/wiwannihuette-trocken-wc-768x432.jpg 768w\" sizes=\"(max-width: 1000px) 100vw, 1000px\">\t\t\t\t\t\t\t\t\t\t\t\t\t\t\t<\/div>\n\t\t\t\t<\/div>\n\t\t\t\t<div class=\"elementor-element elementor-element-44f67950 elementor-widget elementor-widget-image\" data-id=\"44f67950\" data-element_type=\"widget\" data-widget_type=\"image.default\">\n\t\t\t\t<div class=\"elementor-widget-container\">\n\t\t\t\t\t\t\t\t\t\t\t\t\t\t\t<img loading=\"lazy\" decoding=\"async\" width=\"1000\" height=\"667\" src=\"https:\/\/www.wiwanni.ch\/wp-content\/uploads\/erfrischendes-fussbad-wiwannihuette.jpg\" class=\"attachment-full size-full wp-image-4420\" alt srcset=\"https:\/\/www.wiwanni.ch\/wp-content\/uploads\/erfrischendes-fussbad-wiwannihuette.jpg 1000w, https:\/\/www.wiwanni.ch\/wp-content\/uploads\/erfrischendes-fussbad-wiwannihuette-300x200.jpg 300w, https:\/\/www.wiwanni.ch\/wp-content\/uploads\/erfrischendes-fussbad-wiwannihuette-768x512.jpg 768w, https:\/\/www.wiwanni.ch\/wp-content\/uploads\/erfrischendes-fussbad-wiwannihuette-800x534.jpg 800w\" sizes=\"(max-width: 1000px) 100vw, 1000px\">\t\t\t\t\t\t\t\t\t\t\t\t\t\t\t<\/div>\n\t\t\t\t<\/div>\n\t\t\t\t\t<\/div>\n\t\t<\/div>\n\t\t\t\t\t<\/div>\n\t\t<\/section>\n\t\t\t\t<\/div>\n\t\t","protected":false},"excerpt":{"rendered":"<p>Caba\u00adne de Wiwan\u00adni : off\u00adre,&nbsp;prix La caba\u00adne de Wiwan\u00adni peut accu\u00adeil\u00adlir 44 per\u00adson\u00adnes et con\u00adsti\u00adtue un point de d\u00e9part id\u00e9\u00adal pour les ran\u00addon\u00adn\u00e9es, les excur\u00adsi\u00adons en mon\u00adtagne et l\u2019es\u00adcala\u00adde. Nous pro\u00adpo\u00adsons \u00e9ga\u00adle\u00adment des exp\u00e9\u00adri\u00aden\u00adces sp\u00e9\u00adcia\u00adles tel\u00adles que des cours d\u2019es\u00adcala\u00adde ou de l\u2019al\u00adpi\u00adnis\u00adme avec le yoga.La caba\u00adne est \u00e9ga\u00adle\u00adment id\u00e9a\u00adle pour les \u00e9co\u00adles et les camps d\u2019escalade. Main\u00adten\u00adan\u00adceNor\u00adma\u00adle\u00adment, la hut\u00adte Wiwan\u00adni est gar\u00add\u00e9e de d\u00e9but juin \u00e0 mi-octobre. Vous pou\u00advez trou\u00adver les dates exac\u00adtes de la main\u00adten\u00adan\u00adce dans la cat\u00e9\u00adgo\u00adrie Nou\u00advel\u00adles. Restau\u00adra\u00adti\u00adonNous off\u00adrons la pen\u00adsi\u00adon com\u00adpl\u00e8\u00adte et la demi-pen\u00adsi\u00adon. H\u00e9ber\u00adge\u00admentCam\u00adpe\u00adment avec cou\u00adet\u00adtes, un sac de couchage de hut\u00adte (soie et\/ou [\u2026]<\/p>\n","protected":false},"author":4,"featured_media":0,"parent":0,"menu_order":0,"comment_status":"closed","ping_status":"closed","template":"","meta":{"wp_typography_post_enhancements_disabled":false,"footnotes":""},"class_list":["post-1929","page","type-page","status-publish","hentry","wpbf-post"],"_links":{"self":[{"href":"https:\/\/www.wiwanni.ch\/fr\/wp-json\/wp\/v2\/pages\/1929","targetHints":{"allow":["GET"]}}],"collection":[{"href":"https:\/\/www.wiwanni.ch\/fr\/wp-json\/wp\/v2\/pages"}],"about":[{"href":"https:\/\/www.wiwanni.ch\/fr\/wp-json\/wp\/v2\/types\/page"}],"author":[{"embeddable":true,"href":"https:\/\/www.wiwanni.ch\/fr\/wp-json\/wp\/v2\/users\/4"}],"replies":[{"embeddable":true,"href":"https:\/\/www.wiwanni.ch\/fr\/wp-json\/wp\/v2\/comments?post=1929"}],"version-history":[{"count":17,"href":"https:\/\/www.wiwanni.ch\/fr\/wp-json\/wp\/v2\/pages\/1929\/revisions"}],"predecessor-version":[{"id":5118,"href":"https:\/\/www.wiwanni.ch\/fr\/wp-json\/wp\/v2\/pages\/1929\/revisions\/5118"}],"wp:attachment":[{"href":"https:\/\/www.wiwanni.ch\/fr\/wp-json\/wp\/v2\/media?parent=1929"}],"curies":[{"name":"wp","href":"https:\/\/api.w.org\/{rel}","templated":true}]}}

<div data-elementor-type="wp-page" data-elementor-id="1929" class="elementor elementor-1929 elementor-171" data-elementor-post-type="page">
						<section class="elementor-section elementor-top-section elementor-element elementor-element-12faddad elementor-section-stretched elementor-section-full_width elementor-section-content-top elementor-section-height-default elementor-section-height-default" data-id="12faddad" data-element_type="section" data-settings="{&quot;stretch_section&quot;:&quot;section-stretched&quot;,&quot;shape_divider_bottom&quot;:&quot;pyramids&quot;,&quot;shape_divider_bottom_negative&quot;:&quot;yes&quot;}">
					<div class="elementor-shape elementor-shape-bottom" aria-hidden="true" data-negative="true">
			<svg viewBox="0 0 1000 100" preserveAspectRatio="none">
	<path class="elementor-shape-fill" d="M761.9,40.6L643.1,24L333.9,93.8L0.1,1H0v99h1000V1" />
</svg>		</div>
					<div class="elementor-container elementor-column-gap-default">
					<div class="elementor-column elementor-col-100 elementor-top-column elementor-element elementor-element-3afc8b98" data-id="3afc8b98" data-element_type="column">
			<div class="elementor-widget-wrap elementor-element-populated">
						<div class="elementor-element elementor-element-78bc110d elementor-widget elementor-widget-image" data-id="78bc110d" data-element_type="widget" data-widget_type="image.default">
				<div class="elementor-widget-container">
															<img fetchpriority="high" decoding="async" width="1920" height="700" src="https://www.wiwanni.ch/wp-content/uploads/2020/05/wiwannihuette-mit-geissen-1920x700px.jpg" class="attachment-full size-full wp-image-1931" alt="La cabane Wiwanni et Wiwannihorn" srcset="https://www.wiwanni.ch/wp-content/uploads/2020/05/wiwannihuette-mit-geissen-1920x700px.jpg 1920w, https://www.wiwanni.ch/wp-content/uploads/2020/05/wiwannihuette-mit-geissen-1920x700px-300x109.jpg 300w, https://www.wiwanni.ch/wp-content/uploads/2020/05/wiwannihuette-mit-geissen-1920x700px-800x292.jpg 800w, https://www.wiwanni.ch/wp-content/uploads/2020/05/wiwannihuette-mit-geissen-1920x700px-1024x373.jpg 1024w, https://www.wiwanni.ch/wp-content/uploads/2020/05/wiwannihuette-mit-geissen-1920x700px-768x280.jpg 768w, https://www.wiwanni.ch/wp-content/uploads/2020/05/wiwannihuette-mit-geissen-1920x700px-1536x560.jpg 1536w" sizes="(max-width: 1920px) 100vw, 1920px">															</div>
				</div>
					</div>
		</div>
					</div>
		</section>
				<section class="elementor-section elementor-top-section elementor-element elementor-element-87dc8e6 elementor-section-boxed elementor-section-height-default elementor-section-height-default" data-id="87dc8e6" data-element_type="section">
						<div class="elementor-container elementor-column-gap-no">
					<div class="elementor-column elementor-col-100 elementor-top-column elementor-element elementor-element-de8f581" data-id="de8f581" data-element_type="column">
			<div class="elementor-widget-wrap elementor-element-populated">
						<div class="elementor-element elementor-element-5c8b617 elementor-widget elementor-widget-heading" data-id="5c8b617" data-element_type="widget" data-widget_type="heading.default">
				<div class="elementor-widget-container">
					<h1 class="elementor-heading-title elementor-size-default">Caba­ne de Wiwan­ni : off­re,&nbsp;prix</h1>				</div>
				</div>
					</div>
		</div>
					</div>
		</section>
				<section class="elementor-section elementor-top-section elementor-element elementor-element-60e6648 elementor-section-boxed elementor-section-height-default elementor-section-height-default" data-id="60e6648" data-element_type="section">
						<div class="elementor-container elementor-column-gap-no">
					<div class="elementor-column elementor-col-50 elementor-top-column elementor-element elementor-element-778100f" data-id="778100f" data-element_type="column">
			<div class="elementor-widget-wrap elementor-element-populated">
						<div class="elementor-element elementor-element-dcee91f elementor-widget elementor-widget-text-editor" data-id="dcee91f" data-element_type="widget" data-widget_type="text-editor.default">
				<div class="elementor-widget-container">
									<p>La caba­ne de Wiwan­ni peut accu­eil­lir 44 per­son­nes et con­sti­tue un point de départ idé­al pour les ran­don­nées, les excur­si­ons en mon­tagne et l’es­cala­de. Nous pro­po­sons éga­le­ment des expé­ri­en­ces spé­cia­les tel­les que des cours d’es­cala­de ou de l’al­pi­nis­me avec le yoga.<br>La caba­ne est éga­le­ment idéa­le pour les éco­les et les camps d’escalade.</p>
<p><strong>Main­ten­an­ce</strong><br>Nor­ma­le­ment, la hut­te Wiwan­ni est gar­dée de début juin à mi-octobre. Vous pou­vez trou­ver les dates exac­tes de la main­ten­an­ce dans la caté­go­rie Nouvelles.</p>
<p><strong>Restau­ra­ti­on</strong><br>Nous off­rons la pen­si­on com­plè­te et la demi-pension.</p>
<p><strong>Héber­ge­ment</strong><br>Cam­pe­ment avec cou­et­tes, un sac de couchage de hut­te (soie et/ou coton) est souhaité.</p>
<ul>
<li>une chambre à couch­er pour 20 personnes</li>
<li>Chambre à couch­er pour 10 personnes</li>
<li>Chambre à couch­er pour 12 personnes</li>
</ul>
<p><strong>Des instal­la­ti­ons de lava­ge</strong><br>Une fon­taine devant la cabane.</p>
<p><strong>Instal­la­ti­ons sani­taires</strong><br>WC à côté de la cabane</p>
<p><strong>Éner­gie</strong><br>Nous cui­sinons au gaz. Pour la lumiè­re et le télé­pho­ne, nous avons un sys­tème d’é­ner­gie solai­re. Les jours de fro­id, la caba­ne est chauf­fée au moy­en d’un poê­le à&nbsp;bois.</p>
<p><strong>Prix des nui­tées</strong><br>Nui­tée en demi-pen­si­on CHF 72,<br>Réduc­tion des prix pour les enfants et les jeunes.</p>
								</div>
				</div>
					</div>
		</div>
				<div class="elementor-column elementor-col-50 elementor-top-column elementor-element elementor-element-086f9f3" data-id="086f9f3" data-element_type="column">
			<div class="elementor-widget-wrap elementor-element-populated">
						<div class="elementor-element elementor-element-204f3ea6 elementor-widget elementor-widget-image" data-id="204f3ea6" data-element_type="widget" data-widget_type="image.default">
				<div class="elementor-widget-container">
															<img decoding="async" width="1920" height="1280" src="https://www.wiwanni.ch/wp-content/uploads/2020/05/wiwanni-huette-apero.jpg" class="attachment-full size-full wp-image-1430" alt="Apéritif à la cabane Wiwanni" srcset="https://www.wiwanni.ch/wp-content/uploads/2020/05/wiwanni-huette-apero.jpg 1920w, https://www.wiwanni.ch/wp-content/uploads/2020/05/wiwanni-huette-apero-300x200.jpg 300w, https://www.wiwanni.ch/wp-content/uploads/2020/05/wiwanni-huette-apero-800x533.jpg 800w, https://www.wiwanni.ch/wp-content/uploads/2020/05/wiwanni-huette-apero-1024x683.jpg 1024w, https://www.wiwanni.ch/wp-content/uploads/2020/05/wiwanni-huette-apero-768x512.jpg 768w, https://www.wiwanni.ch/wp-content/uploads/2020/05/wiwanni-huette-apero-1536x1024.jpg 1536w" sizes="(max-width: 1920px) 100vw, 1920px">															</div>
				</div>
				<div class="elementor-element elementor-element-25188242 elementor-widget elementor-widget-image" data-id="25188242" data-element_type="widget" data-widget_type="image.default">
				<div class="elementor-widget-container">
															<img decoding="async" width="1000" height="563" src="https://www.wiwanni.ch/wp-content/uploads/2020/05/wiwannihuette-trocken-wc.jpg" class="attachment-full size-full wp-image-1418" alt="WC sec de la cabane Wiwanni" srcset="https://www.wiwanni.ch/wp-content/uploads/2020/05/wiwannihuette-trocken-wc.jpg 1000w, https://www.wiwanni.ch/wp-content/uploads/2020/05/wiwannihuette-trocken-wc-300x169.jpg 300w, https://www.wiwanni.ch/wp-content/uploads/2020/05/wiwannihuette-trocken-wc-800x450.jpg 800w, https://www.wiwanni.ch/wp-content/uploads/2020/05/wiwannihuette-trocken-wc-768x432.jpg 768w" sizes="(max-width: 1000px) 100vw, 1000px">															</div>
				</div>
				<div class="elementor-element elementor-element-44f67950 elementor-widget elementor-widget-image" data-id="44f67950" data-element_type="widget" data-widget_type="image.default">
				<div class="elementor-widget-container">
															<img loading="lazy" decoding="async" width="1000" height="667" src="https://www.wiwanni.ch/wp-content/uploads/erfrischendes-fussbad-wiwannihuette.jpg" class="attachment-full size-full wp-image-4420" alt srcset="https://www.wiwanni.ch/wp-content/uploads/erfrischendes-fussbad-wiwannihuette.jpg 1000w, https://www.wiwanni.ch/wp-content/uploads/erfrischendes-fussbad-wiwannihuette-300x200.jpg 300w, https://www.wiwanni.ch/wp-content/uploads/erfrischendes-fussbad-wiwannihuette-768x512.jpg 768w, https://www.wiwanni.ch/wp-content/uploads/erfrischendes-fussbad-wiwannihuette-800x534.jpg 800w" sizes="(max-width: 1000px) 100vw, 1000px">															</div>
				</div>
					</div>
		</div>
					</div>
		</section>
				</div>

<p>Caba­ne de Wiwan­ni : off­re,&nbsp;prix La caba­ne de Wiwan­ni peut accu­eil­lir 44 per­son­nes et con­sti­tue un point de départ idé­al pour les ran­don­nées, les excur­si­ons en mon­tagne et l’es­cala­de. Nous pro­po­sons éga­le­ment des expé­ri­en­ces spé­cia­les tel­les que des cours d’es­cala­de ou de l’al­pi­nis­me avec le yoga.La caba­ne est éga­le­ment idéa­le pour les éco­les et les camps d’escalade. Main­ten­an­ceNor­ma­le­ment, la hut­te Wiwan­ni est gar­dée de début juin à mi-octobre. Vous pou­vez trou­ver les dates exac­tes de la main­ten­an­ce dans la caté­go­rie Nou­vel­les. Restau­ra­ti­onNous off­rons la pen­si­on com­plè­te et la demi-pen­si­on. Héber­ge­mentCam­pe­ment avec cou­et­tes, un sac de couchage de hut­te (soie et/ou […]</p>
